 (14 - 6) - ((6 - -3) + -126) - 9?
99
-19 - (-7 - -19) - (-405 - -317)
57
Calculate 11 + -1 + -7 - (121 - 131).
13
Calculate -36 - (-10 - (55 - 7)).
22
What is the value of (-102 - (-60 + -83)) + 2 + (-2 - -8)?
49
0 - (-13 + 26) - (15 - -6)
-34
What is the value of 261 + -320 + 26 + -1 + 0?
-34
(1 - 34) + (51 - -57) + -21
54
Calculate (19 - 88 - -57) + (-4 - 39).
-55
-59 + 10 - 5 - -104
50
Evaluate 36 + -9 + 7 - ((8 - 5) + 6).
25
(58 - (-8 - -11) - 2) + 3 - 7
49
What is (-11 - (3 - (22 - 27))) + 21?
2
What is -2 - (8 + 6 + -5 + 9 - -6)?
-26
-647 + 675 + (-79 - (-7 - -1))
-45
What is 56 - (-85 + 93 + (0 - 4 - -5 - 4))?
51
What is -8 + -1 - (-53 - 1 - (-52 + 41))?
34
What is the value of 17 + (0 - (-1 + 6 - (38 - 46)))?
4
What is -78 + (-50 - -86) + (-1 - 7) + 2?
-48
Evaluate 143 + -144 + -9 + 15 + -2.
3
Calculate (-60 - 2) + 1 + 13 + -23 + -16 + 13.
-74
What is 55 + 2 + (-9 + -10 - (-18 - 5)) + 3?
64
What is the value of -120 - (66 + -90 - 2)?
-94
-66 + -35 + -29 + 103
-27
Calculate (-78 - (-1 + -10)) + (-20 - -3) + 11.
-73
(-369 - -405) + 1 + -68
-31
What is 16 + 17 + 0 + -4 + (39 - 29)?
39
-11 + (1 - -11) + -5 + -54 + 2
-56
Calculate -1 - -53 - (-8 + 15 + 7 - 10).
48
Calculate -12 - (-69 + 32 + -41) - 10.
56
What is -12 + -96 + 99 + 122 + -6 + 5?
112
5 + 1 + -18 + 1 + (289 + -174 - 54)
50
What is (-2 - (3 - 4)) + (0 - -13 - 3 - 82)?
-73
34 + (-6 + -29 + 2 - -15)
16
23 + 71 + (7 - 62)
39
2 - 1 - (-113 + 76) - (-13 - -14)
37
Calculate -22 + -12 + 1 + 13 + -8 - 2.
-30
Calculate -152 + 86 + (6 + (1 - 7) - -14).
-52
What is (-19 - (4 + -11)) + (-4 - (-11 - -75))?
-80
What is the value of 0 + 2 + -6 + 17 - (-517 - -600)?
-70
Evaluate -52 + 114 + -79 - -97.
80
What is (2 - -3) + -1 + (1 + -10 - (19 + -27))?
3
Evaluate -1 - 10 - (46 + -27 + -37) - 32.
-25
(-3 - -3) + (-37 - (-42 - 3)) + 12 + 1
21
What is -5 + -2 - ((-13 - (-9 + 15)) + 0)?
12
Calculate 1 - (-7 - (11 - 9) - (-10 + -1) - 9).
8
845 + -838 - (-4 - -59)
-48
What is 1 + ((-9 - 1) + 0 - (-51 + -17 + 65))?
-6
Calculate (15 - 3) + (-4 - (49 - (-14 + 3))).
-52
What is -102 - (-95 - -100) - -36?
-71
What is the value of 85 - (2 - -10) - (35 + -7)?
45
Evaluate -28 + -12 + (10 - -26).
-4
Calculate -47 - ((-44 - (-27 - -1)) + (11 - 4)).
-36
What is -48 + (29 - (-14 - (-34 + (10 - -2))))?
-27
(29775 - 29724) + (-1 - (21 + 0))
29
What is 1 - (16 - (0 + 2 + -10)) - 13?
-36
Evaluate 106 + 20 + -86 - (7 + -31).
64
What is the value of -1 - -17 - (0 + 48 - -3)?
-35
-1 + -87 - (17 - (15 + 17) - -11) - 6
-90
What is the value of (0 - 7) + (256 - 252) - 27?
-30
Evaluate (280 - 251) + 18 + -80.
-33
What is the value of -1 - 5 - (9 + (-7 - -9)) - 4?
-21
What is the value of (-55 - (-38 + -22)) + 33?
38
Evaluate -3 + -10 + 25 + -2 - (-2 + 55) - -7.
-36
-1 + 11 - (-2 + -123 + (639 - 579))
75
32 + 36 + 6 + -26
48
Evaluate 24 + -1 - (31 - 39 - 25 - -115).
-59
544 + -704 + (88 - 5)
-77
Evaluate 14 + 53 + -143 + 15.
-61
What is the value of 37 - -10 - (21 + 24)?
2
(-125 - -118) + (16 - 24) + 1 + 6 + 47
39
Calculate -60 - (-125 - (-50 + 10)).
25
What is 83 - 46 - (17 - -16 - 10)?
14
What is 19 + 0 - (235 - 180)?
-36
Calculate (-56 - 12) + 11 + -15 + -3 + 1.
-74
What is the value of -1 + 16 + (-28 - -47 - -34)?
68
What is -9 - ((-7 - 0) + (-46 - -47)) - 49?
-52
What is -178 - -176 - (8 - 4 - -31)?
-37
-1807 + 1810 + (4 + -2 - -3) + 0 + -1
7
What is 14 + -1 + 2 - (28 + -16) - (-19 + 120)?
-98
-7 + (109 - (7 + -10)) + (1 - (-5 - -5))
106
What is the value of -7 + 3 + (106 - (101 + 62))?
-61
What is the value of (20 - 26 - -13) + (-5 - -23) + 0?
25
Evaluate -80 - (12 + -54 + 1).
-39
Calculate (-16 - -35 - 0) + (-36 - -6).
-11
3 - (12 - -5 - 20) - (-2 + -14 + 135)
-113
What is the value of 10 - ((4 - -4) + (1 - -2) + -13)?
12
Calculate -94 - -66 - (101 - 29) - (-19 - 0).
-81
What is the value of -104 + (-7 - 0 - (-115 - -111))?
-107
What is -22 + -4 + (22 - -3) + (-44 - -36)?
-9
What is the value of 0 + 8 + -66 - -13 - (6 - 8)?
-43
What is the value of (31 + -4 - 7) + 311 + -206?
125
What is the value of 37 + 1 + (7357 - 7344)?
51
35 - (31 + -23 - (7 + -8 + 8))
34
What is the value of -4 + (7 - (-22 + (59 - -15)))?
-49
Evaluate 628 + -859 + (0 - -107).
-124
What is the value of 8 - (10 + 8 + -29 + 12)?
7
Evaluate (-92 - -88) + -56 - 27.
-87
What is -9 + -1 + -67 + (41 - 30 - 29)?
-95
What is the value of 58 + -17 + -95 + 2?
-52
Calculate 28 + -48 - -19 - (1 + (-1 - -33)).
-34
Evaluate -8 - -3 - -7 - (19 - 16).
-1
Calculate (-235 - -224 - (-12 - 1)) + 5.
7
What is the value of (3 + -51 - -6 - 15) + -1?
-58
Evaluate -238 + 252 - (28 + 3) - 30.
-47
Calculate -15 - (-9 - (2 - 17 - -13)).
-8
Calculate 11 - 4 - ((7 - 17) + 22).
-5
What is the value of -3 - (-17 + 27) - -39 - -34?
60
Evaluate (-23 - (46 - 40)) + 22 + 90.
83
What is 82 + 35 + -127 + 37 + 1?
28
What is 1 - 0 - (13 + -3 + -42 + 38)?
-5
Evaluate -32 + (41 - (2 + -2)) + 25.
34
What is (1 + 1 + 40 - (-1536 - -1547)) + 5?
36
(15 - 23 - 7) + 32 + -20 + (-1 - -56)
52
Calculate (32 - (73 + 13 - 19)) + -13.
-48
What is the value of -54 - (-54 + -14) - (-2 - 71)?
87
What is the value of -41 + 97 - 29 - (-5 + 9 - (25 + -8))?
40
What is the value of -12 + 41 + -12 + -10 - (31 + 2)?
-26
58 + -189 + 55 - -48
-28
Calculate -7 + 2 + 5 + -2 - -34.
32
Evaluate 68 + -96 + 26 - (1 + -2 - 17).
16
22 + 1 + -14 + -26 + 71
54
Evaluate (0 - 74) + 78 + (-7 - 77).
-80
What is 21 - (26 + -20 - -51)?
-36
Evaluate 1217 - 1187 - (-2 - 0 - -3).
29
What is (5 - 4) + (11 - -14) + -9 + -5?
12
11 + 2 + 3 + (-15 - 1)
0
What is the value of (26 - 35) + 7 - (-18 + 29)?
-13
Calculate (2 + 5 + -10 - 4) + -794 + 738.
-63
Calculate (-12 - -23) + (15 - (15 + 1)).
10
What is -261 + 288 - (5 - -24)?
-2
(328 - (491 + -144)) + (1 - (-1 + 3) - -2)
-18
What is 259 + -209 + (-62 - -5)?
-7
-102 + (-74 - -196) - -74
94
Calculate -7 - (-36 - -31 - (-1 - -20)).
17
Evaluate -5 + 1 - (1 + (-6 - -1) + 11).
-11
What is -6 + 7 - 0 - (16 - (-8 + -7))?
-30
What is (2 + -4 + 10 - (-1 + -18 + 42)) + -10?
-25
28 - ((-9 - 20 - 4) + 109)
-48
-3 + 2 - -8 - 0 - (251 + (-122 - 43))
-79
Evaluate 19 - (18 - 81) - 49.
33
What is the value of 51 + (-47 - (1 - 45)) + -1 + (-1 - -1)?
47
(-51 - -36) + (-12 - (6 + 1))
-34
Calculate 1 + 41 + -48 + (-65 - -87).
16
Calculate -6 - (7 + -16) - (-23 + 5 + -8).
29
What is (-9 - (-34 - -3 - -21)) + 1 + 44?
46
47 + (-56 - (-44 + 125))
-90
What is -1 - -76 - (-48 + (-29 - -60) + 15)?
77
Evaluate 86 - (2 + -23 + 55 - 7).
59
Calculate (-36 - (-38 - -20) - -9) + 11.
2
Evaluate -6 - (-36 + (-5 - 1) + -17).
53
Evaluate -51 - ((-11 - 3) + -21).
-16
What is -16 - (-27 + (-34 - -33))?
12
What is -152 - (236 + -418) - (-35 - 0)?
65
What is 4 + (-79 - -14) + -9 + 25?
-45
Calculate (-1 - (9 + 26 + -24)) + (-2 - 19) + 2.
-31
What is the value of -39 + 10 + -27 + 17 + -1?
-40
What is 10 + (57 + -21 - 4) - -8?
50
(-17 - -6 - (2 - 11 - 5)) + -32
-29
What is (-9 - -1) + -2 + 12 + 42 + -44 + -1?
-1
What is 115 - -2 - (-3370 - -3427)?
60
What is the value of -39 - (-19 + 12 + (100 - 127))?
-5
Evaluate (-1 - -8) + (-1 + 9 - 28 - (-91 + 26)).
52
(38 - (18 + (27 - 28))) + -5
16
307 - 313 - (-20 + (-7 - -9)) - (-92 + 0)
104
Evaluate 1 - 17 - (324 + -237) - 11.
-114
Calculate -15 - (-32 - (-2 + -15)).
0
What is the value of (10555 - 10568) + (2 - 80 - -1)?
-90
What is the value of -6 - -1 - 1 - (-14992 - -14947)?
39
What is the value of 2 + -3 + -43 + (-58 - (-43 + -15))?
-44
Evaluate -56 - 25 - (-121 - -66).
-26
Evaluate -39 + 73 + -74 + 37.
-3
(45 - 17) + (4 - (-11 + 5) - (10 + 2))
26
Calculate (-1 - 16) + -120 + 39 + 68.
-30
What is the value of (63 - 71) + (6 - (-3 + 5 + 0 - -10))?
-14
What is -119 + (-20 + 4 + -5 - -57)?
-83
Evaluate -49 - (-37 - (-23 + -6)).
-41
Evaluate 35 + 2 - (42 + -6).
1
(1 - (8 - 2)) + -45 + 57 + 10
17
Evaluate (-13 + 18 - (7 + -1)) + 86 + -32 + 33.
86
What is the value of -12 + -27 + 7 - 18?
-50
Calculate 65 - (113 - (-128 - -233)).
57
-2309 + 2331 + -1 + 20
41
What is (-12 - (19 - 22) - -102) + -9?
84
(35 - 106) + 114 + -62
-19
What is the value of (-2 - (-60 + 37)) + (-1 - 68)?
-48
-8 - 8 - (167 + -172 + (-93 - 0))
82
Calculate (14 - 1) + 0 - (43 - (-70 + 123)).
23
What is the value of 42 + (-14 + 20 - -19 - 18)?
49
Evaluate 79 - (-66 + -2 + 182).
-35
What is the value of -22 - (-10 + 